ors of s(t)?
97
Suppose -2*z + 10 = 48. Let m = 114 + z. What are the prime factors of m?
5, 19
What are the prime factors of 164/(-42) + 8/(-84) + 1198?
2, 3, 199
Let d(f) be the second derivative of f**5/20 - f**4/6 - f**3/6 + 47*f**2 - 10*f. What are the prime factors of d(0)?
2, 47
Let j = 5077 - 659. List the prime factors of j.
2, 47
Suppose -18 + 48 = -3*l. Let z(o) = o**3 + 11*o**2 + 9*o - 10. Let j be z(l). Suppose 0 = -j*h + h - 15. List the prime factors of h.
3, 5
Let p(n) be the third derivative of 1/60*n**5 - n**2 + 0*n - 1/6*n**3 - 1/12*n**4 + 0. List the prime factors of p(-3).
2, 7
Let o(b) = b**2 + 6*b - 14. Let q be o(-8). Suppose t + 32 = 2*m, -m - t + 9 = q*t. What are the prime factors of m?
3, 5
Suppose 0 = -3*f - 59 - 361. List the prime factors of (-5 - f) + (4/2)/2.
2, 17
Let k be (-4)/(-14) + (-132)/(-28). Suppose 6 = k*r + 1. List the prime factors of ((-3)/6 - r)*-2.
3
Let a = 50 + -48. Suppose 0 = a*r - 530 + 70. List the prime factors of r.
2, 5, 23
Let c(r) be the first derivative of 3*r**3 - r**2 - 3. What are the prime factors of c(1)?
7
Let b(m) = -m. Let g be b(-5). Suppose 6 = 3*q - g*p, -5*q + 5*p + 30 = -10*q. Let s(i) = 3*i**2 - i - 1. List the prime factors of s(q).
29
Let k = -2 - -5. Suppose 2*g + 2 = k*g. Suppose -g*i = -4*i + 46. What are the prime factors of i?
23
Suppose 753 = -23*u + 24*u. List the prime factors of u.
3, 251
Let a(f) be the first derivative of -f**4/2 + f**3 - 6*f + 12. Let s be a(-3). Suppose 25*q + s = 30*q. What are the prime factors of q?
3, 5
Suppose 3*f = -5*h + 30856, 3*h = -7*f + 2*f + 18504. What are the prime factors of h?
6173
Let v(j) = 2*j**2 + 15*j + 9. Let w be v(-7). Suppose -w*d + 94 = -3*z, -2*d - 5*z + 160 = d. What are the prime factors of d?
2, 5
Let r(y) = y**2 + 5*y - 14. Let j be r(-8). Suppose -5*f - 97 = -2*g - 24, 2*f + j = 0. Suppose g*w - 16 = 23*w. List the prime factors of w.
2
Suppose -5*y - u = -31, -u = y + 2*u - 9. Let s(w) be the second derivative of -w**4/12 + w**3 + 5*w**2/2 - 6*w. What are the prime factors of s(y)?
5
Let x(a) = -4*a - 2. Let v be x(-1). Suppose 0 = -g - 3*g - 5*r + 244, v*r + 160 = 3*g. List the prime factors of g.
2, 7
Let u = -99 + 104. Suppose 1443 = u*o - 4*y + 372, 4*y = -5*o + 1079. What are the prime factors of o?
5, 43
List the prime factors of -3 + (-21)/21*1*-3523.
2, 5, 11
Suppose -2*f = -4*h + 20, h = 4*f - 3*f + 5. Suppose f = -6*z + 253 + 113. What are the prime factors of z?
61
Let z = -483 + 901. What are the prime factors of z?
2, 11, 19
Suppose 5*j - 46 + 6 = 0. Suppose 0 = j*m - 4*m - 184. List the prime factors of m.
2, 23
Suppose -8*h = -4282 + 834. Suppose -o = 4, 4*z - h + 147 = -4*o. List the prime factors of z.
3, 5
Let o(g) = -20*g - 4*g**3 - 7*g**2 + 5*g**3 + 26*g + 5. Let x be o(6). Suppose -2*w = 0, z - 7*w - x = -2*w. What are the prime factors of z?
5
Let o be (2 - 2) + (-1)/(-1). Let q = 5 + o. Suppose i = q*i - 50. What are the prime factors of i?
2, 5
Suppose 2*b + 10 = -2*q - 0, -b - 7 = 2*q. Let d be (b - -2 - -3) + -2. Suppose 5*g = -t + 2*g + 30, d = t + 2*g - 33. List the prime factors of t.
3, 13
Suppose 4*x - 4 = 4. Suppose i - 143 - 55 = x*c, 0 = 4*i - 3*c - 792. What are the prime factors of i?
2, 3, 11
Let r be (0 + 1)*5*1. Suppose 4 = 2*b + r*g - 2, 3*b + g - 35 = 0. Let a = b + -3. List the prime factors of a.
2, 5
Let c = 1679 - 1133. What are the prime factors of c?
2, 3, 7, 13
Suppose -11336 + 3398 = -6*z. What are the prime factors of z?
3, 7
Let w(p) = 290*p - 6. List the prime factors of w(4).
2, 577
Suppose -130 = -14*k + 13*k. Suppose g = -3*y + k, -2*y - 3*y - 15 = 0. What are the prime factors of g?
139
Suppose -c + 1015 = -641. What are the prime factors of c?
2, 3, 23
Suppose -o + 5*o = 32. Let y(c) = c**3 - 7*c**2 - 13*c + 10. Let w be y(o). Let s = -5 - w. List the prime factors of s.
5
Let v(g) = 13*g**2 - 33. Let u be v(6). Suppose 0 = -2*k + 5*k - u. List the prime factors of k.
5, 29
Suppose 0 = 15*l + 3694 - 23464. List the prime factors of l.
2, 659
Suppose -5*t + 21 = -9. Let a(d) = d**3 - 7*d**2 + 8*d - 7. Let f be a(t). Suppose -f*m - 81 = -3*u, 0 = -4*u - 6*m + 5*m + 85. What are the prime factors of u?
2, 11
Let o(f) = -f**3 - 16*f**2 + 13*f + 16. Let n be o(-17). Let g = 5 + n. Let s = g - 50. List the prime factors of s.
3, 13
Let v be 3/(-2)*2*7. Let i = -19 - v. Suppose 0*b + 4*o = -b - 1, i*b + 2*o = 16. What are the prime factors of b?
11
Let c(x) = x**2 + 8*x + 8. Suppose 40 = -5*n - 0. Let l be 0 + -5 + (n - -4). What are the prime factors of c(l)?
17
Let h(m) = -m**2 - 15*m + 4. Let s be h(-15). Suppose -2*f - 3*z + 6*z - 17 = 0, 1 = s*f + z. List the prime factors of -5 + 4 - 34/f.
3, 11
Let k(u) = -2*u**3 - 5*u**2 - 3*u - 2. List the prime factors of k(-3).
2
Let q(d) be the first derivative of -d**3/3 + 13*d**2/2 + 14*d - 6. Let r be q(11). List the prime factors of 229/4 + (-9)/r.
3, 19
Suppose 0 = -j - 2*j. Suppose -4*k + 4*u = -40, 0 = -j*k + 3*k + 3*u - 18. Suppose -k = -4*l - 0. List the prime factors of l.
2
Let f be (-1 + 5)*1/(-2). Suppose 4*v + 3*a = -60, 3*v = -4*a - 28 - 24. What are the prime factors of -3 + v/f - 0?
3
Let q be 4/22 - 48220/220. Let p = -147 - q. What are the prime factors of p?
2, 3
Let o = 346 + 75. Suppose -4*i = 4*g - 387 - o, 4*i = -g + 205. List the prime factors of g.
3, 67
Suppose 2*c + 10 - 16 = 0. Suppose 126 + 267 = c*k. What are the prime factors of k?
131
Suppose 4*y - 1521 = -2*q + 381, 0 = -3*y + 3*q + 1449. List the prime factors of y.
2, 239
Let v(k) = -147*k - 18. List the prime factors of v(-4).
2, 3, 5, 19
Suppose 0 = 6*f - 2*f - 276. Suppose -2*v + f = -27. What are the prime factors of v?
2, 3
Let f = 8824 + -3948. List the prime factors of f.
2, 23, 53
List the prime factors of (-3)/(-4 - (-24519)/6132).
2, 7, 73
Let s(i) = i**3 - 2*i**2 - i + 110. What are the prime factors of s(0)?
2, 5, 11
Suppose -5*c - 32 - 68 = 0. Let t be -1*(-2)/1 - (-1)/1. Let i = t - c. What are the prime factors of i?
23
Let r be ((-30)/7)/((-2)/14). Suppose 29 = f - r. What are the prime factors of f?
59
Suppose -4*g + 5141 = 5*j + 604, -2*g - 5*j = -2271. List the prime factors of g.
11, 103
Suppose 4*q + 4 = -4. Let z = -8 - q. Let g(d) = d**3 + 7*d**2 + 2*d + 4. List the prime factors of g(z).
2, 7
Suppose -2 = z - 6. Let o be ((-22)/6)/(2/(-6)). Let k = o + z. What are the prime factors of k?
3, 5
Let v = 95 + -55. Let y = 16 - v. Let h = 5 - y. List the prime factors of h.
29
Suppose -4*i - 18 = 3*x - 3, 2*x - 36 = 5*i. Let p(n) = n**2 + 9*n + 4. Let b be p(i). List the prime factors of b*(-5)/(5/2).
2, 7
Let l(w) be the first derivative of w**2/2 + 48*w - 6. What are the prime factors of l(0)?
2, 3
Let v(i) = 7*i + 5. Let d be v(10). Suppose 200 = 2*r + j, 5*r + 4*j = 575 - d. What are the prime factors of r?
2, 5
Let t = 5 - 3. Let v be (12/(-10) + t)*40. Let l = v - 13. What are the prime factors of l?
19
Suppose -55 - 149 = 4*h. Let l be 34/h*(-6)/1. Suppose f - 3*f = l*t - 46, -3*f + 2*t + 45 = 0. What are the prime factors of f?
17
Let g be 3*(30/9 - 1). Let k(f) = f**2 + 15. What are the prime factors of k(g)?
2
Let n(r) = -r**3 + r**2 - 2*r + 2. Let b(x) = 1 + 1 + 7*x**3 + 2*x**2 - 7*x**3 - x**3 - x. Let q(s) = 6*b(s) - 5*n(s). List the prime factors of q(7).
2, 3, 5
Let j(o) = o**3 - 6*o**2 - 8*o + 6. Let x = -14 + 21. Let k be j(x). List the prime factors of -1 - (k + 2 - 20).
2, 3
Suppose 18 - 95 = -11*u. What are the prime factors of (-16)/u + (-28)/(-98) + 20?
2, 3
Let z = -37 + 39. Let m = z - -49. What are the prime factors of m?
3, 17
Let z be (3/(-5) - 0)*5. Let b be 3 + (-6 - z)/3. Suppose b*h - 69 = -27. List the prime factors of h.
3, 7
Let h be 8/12 - (-8)/6. Suppose 0 = h*w - 3*r + 2 + 4, -39 = 3*w + 3*r. List the prime factors of w/(1/(-4)*6).
2, 3
Let n(o) = 2645*o + 33. List the prime factors of n(2).
5323
Let m = 1072 - 135. What are the prime factors of m?
937
Let p = 13 + -3. Suppose 13*z = p*z + 57. List the prime factors of z.
19
Let s(a) = 47*a - 1. Suppose q + 3 = 4. What are the prime factors of s(q)?
2, 23
Suppose 4*j - 2 = 3*s - 16, -s = -j - 3. List the prime factors of (-25)/5*11/j.
11
Let x be -36*-5*4/12. Suppose 0 = -3*a + a - s + 28, s - x = -4*a. What are the pr